f 1078574644.
2, 7, 149, 258527
What are the prime factors of 106552867?
106552867
What are the prime factors of 4854163?
17, 285539
What are the prime factors of 108803613?
3, 36267871
List the prime factors of 3952371357.
3, 11, 39922943
List the prime factors of 184211264.
2, 229, 12569
What are the prime factors of 8870048?
2, 11, 113, 223
What are the prime factors of 467413270?
2, 5, 1249, 37423
What are the prime factors of 134397205?
5, 47, 571903
What are the prime factors of 3410519997?
3, 269, 4226171
List the prime factors of 574417751.
574417751
What are the prime factors of 1676684438?
2, 11, 13, 263, 22291
List the prime factors of 1714426946.
2, 23, 37270151
What are the prime factors of 3564815605?
5, 13, 54843317
List the prime factors of 188323973.
3467, 54319
What are the prime factors of 392938261?
37, 757, 14029
What are the prime factors of 37288331?
83, 523, 859
List the prime factors of 1723965681.
3, 574655227
What are the prime factors of 3260689914?
2, 3, 43, 12638333
List the prime factors of 507938380.
2, 5, 73, 173, 2011
What are the prime factors of 257099797?
257099797
What are the prime factors of 12555477?
3, 11, 126823
What are the prime factors of 9011959?
11, 71, 1049
What are the prime factors of 969265475?
5, 38770619
List the prime factors of 1194742884.
2, 3, 99561907
What are the prime factors of 131862051?
3, 443, 33073
List the prime factors of 1701091279.
79, 21532801
What are the prime factors of 3450807?
3, 457, 839
List the prime factors of 5379366.
2, 3, 896561
List the prime factors of 1473309390.
2, 3, 5, 7, 23, 305033
List the prime factors of 95102410.
2, 5, 13, 19, 139, 277
What are the prime factors of 2386073475?
3, 5, 23, 193, 2389
List the prime factors of 315872703.
3, 701, 5563
What are the prime factors of 122627873?
43, 61, 46751
What are the prime factors of 31983453?
3, 47, 75611
List the prime factors of 17528141.
17528141
What are the prime factors of 85478548?
2, 131, 163127
List the prime factors of 48793486.
2, 7, 29, 120181
What are the prime factors of 641804066?
2, 113, 2839841
What are the prime factors of 69405568?
2, 67, 8093
What are the prime factors of 115456?
2, 11, 41
What are the prime factors of 17324034?
2, 3, 7, 13, 31729
What are the prime factors of 66513117?
3, 11, 769, 2621
What are the prime factors of 1289783438?
2, 17, 1823, 20809
What are the prime factors of 130703048?
2, 7, 71, 463
List the prime factors of 73566876.
2, 3, 839, 7307
What are the prime factors of 137068801?
67, 733, 2791
List the prime factors of 983665.
5, 113, 1741
List the prime factors of 71290181.
139, 401, 1279
What are the prime factors of 6006066469?
13, 462005113
List the prime factors of 528093424.
2, 59, 559421
List the prime factors of 129016991.
129016991
What are the prime factors of 13623490?
2, 5, 1362349
List the prime factors of 764962249.
19, 67, 31627
What are the prime factors of 1579188?
2, 3, 13, 53, 191
What are the prime factors of 46499105?
5, 131, 70991
List the prime factors of 45086430.
2, 3, 5, 19, 83, 953
List the prime factors of 28190557.
28190557
What are the prime factors of 1259028577?
83, 15169019
List the prime factors of 258135244.
2, 89, 725099
List the prime factors of 44997750.
2, 3, 5, 7, 2857
What are the prime factors of 91933296?
2, 3, 7, 13, 1619
What are the prime factors of 47033016?
2, 3, 17, 6781
List the prime factors of 1271800808.
2, 158975101
What are the prime factors of 48440470?
2, 5, 13, 28663
What are the prime factors of 81406564?
2, 19, 1071139
List the prime factors of 35495489.
35495489
List the prime factors of 297786705.
3, 5, 17, 1167791
What are the prime factors of 216755958?
2, 3, 2777, 13009
What are the prime factors of 699928754?
2, 7, 5669, 8819
List the prime factors of 1586444591.
439, 617, 5857
List the prime factors of 65870113.
443, 148691
What are the prime factors of 2833895501?
5281, 536621
List the prime factors of 106386260.
2, 5, 5319313
What are the prime factors of 97196564?
2, 47, 517003
What are the prime factors of 45683573?
13, 17, 15901
What are the prime factors of 1739846186?
2, 13, 66917161
List the prime factors of 2387784647.
30137, 79231
What are the prime factors of 1408792001?
9883, 142547
List the prime factors of 15013550.
2, 5, 17, 1039
What are the prime factors of 104380558?
2, 59, 911, 971
List the prime factors of 49108719.
3, 11, 1488143
List the prime factors of 1556068007.
13, 9207503
List the prime factors of 114702069.
3, 19, 2012317
What are the prime factors of 98813009?
1109, 89101
List the prime factors of 4604359521.
3, 1534786507
What are the prime factors of 629919059?
7, 11, 67, 17443
List the prime factors of 426281291.
426281291
What are the prime factors of 464776509?
3, 154925503
List the prime factors of 57925980.
2, 3, 5, 7, 31, 1483
List the prime factors of 10647007.
7, 103, 14767
What are the prime factors of 562431695?
5, 7, 16069477
What are the prime factors of 177072050?
2, 5, 3541441
What are the prime factors of 3341498253?
3, 113, 9856927
List the prime factors of 52187245.
5, 11, 53, 17903
What are the prime factors of 9430509?
3, 11, 285773
List the prime factors of 23748135.
3, 5, 647, 2447
What are the prime factors of 472258279?
61, 293, 26423
What are the prime factors of 536571519?
3, 11, 16259743
List the prime factors of 232659067.
232659067
List the prime factors of 793818182.
2, 23, 499, 34583
What are the prime factors of 97375965?
3, 5, 6491731
What are the prime factors of 32503322?
2, 16251661
List the prime factors of 195113810.
2, 5, 89, 211, 1039
List the prime factors of 834394262.
2, 13, 359, 89393
List the prime factors of 156702519.
3, 19, 23, 233
What are the prime factors of 135096809?
107, 1262587
List the prime factors of 3335226.
2, 3, 555871
List the prime factors of 558110926.
2, 313, 891551
What are the prime factors of 8015801069?
2411, 3324679
What are the prime factors of 9335261?
13, 17, 53, 797
What are the prime factors of 150668574?
2, 3, 7, 3587347
List the prime factors of 210338442.
2, 3, 47, 248627
What are the prime factors of 96642688?
2, 17, 23, 1931
What are the prime factors of 249189259?
11, 22653569
List the prime factors of 193368630.
2, 3, 5, 7, 13, 193, 367
What are the prime factors of 73394024?
2, 11, 834023
List the prime factors of 950343801.
3, 11, 2618027
List the prime factors of 2254292673.
3, 37, 43, 472301
List the prime factors of 527918539.
431, 1224869
List the prime factors of 228097047.
3, 587, 129527
List the prime factors of 128501987.
29, 4431103
List the prime factors of 867851610.
2, 3, 5, 1567, 18461
What are the prime factors of 948840714?
2, 3, 59, 73, 12239
What are the prime factors of 394837975?
5, 7, 2256217
What are the prime factors of 67747843?
4057, 16699
List the prime factors of 3250908160.
2, 5, 634943
List the prime factors of 149710213.
53, 2824721
List the prime factors of 1021631816.
2, 53, 2409509
List the prime factors of 300829306.
2, 150414653
List the prime factors of 137671881.
3, 45890627
List the prime factors of 204669140.
2, 5, 13, 19, 3187
List the prime factors of 697755419.
1487, 469237
List the prime factors of 977724365.
5, 23, 8501951
List the prime factors of 4237903.
691, 6133
List the prime factors of 26532511.
26532511
What are the prime factors of 266936752?
2, 107, 155921
What are the prime factors of 1210790323?
101, 443, 27061
List the prime factors of 1314399805.
5, 401, 655561
List the prime factors of 50263229.
50263229
List the prime factors of 175920417.
3, 2171857
List the prime factors of 1488262009.
13, 114481693
What are the prime factors of 301265687?
17, 151, 117361
What are the prime factors of 35785309?
7, 23, 222269
List the prime factors of 5392944102.
2, 3, 7, 13, 17, 37, 41, 383
List the prime factors of 923242913.
923242913
List the prime factors of 92876016.
2, 3, 269, 7193
What are the prime factors of 82436?
2, 37, 557
List the prime factors of 33837141.
3, 13, 867619
List the prime factors of 4791301.
41, 137, 853
What are the prime factors of 75983855?
5, 15196771
What are the prime factors of 729953724?
2, 3, 43, 277, 5107
What are the prime factors of 21409317?
3, 383, 6211
What are the prime factors of 7611775